{"id":4590,"date":"2022-02-18T13:42:53","date_gmt":"2022-02-18T13:42:53","guid":{"rendered":"https:\/\/www.iesa.edu.pa\/cslr\/master-con-doble-titulacion-en-sostenibilidad-copy\/"},"modified":"2022-02-18T13:53:29","modified_gmt":"2022-02-18T13:53:29","slug":"empresas-b-negocios-que-vinculan-desarrollo-social-proteccion-del-ambiente-y-rentabilidad","status":"publish","type":"page","link":"https:\/\/www.iesa.edu.pa\/cslr\/empresas-b-negocios-que-vinculan-desarrollo-social-proteccion-del-ambiente-y-rentabilidad\/","title":{"rendered":"Empresas B: negocios que vinculan desarrollo social, protecci\u00f3n del ambiente y rentabilidad"},"content":{"rendered":"\n<div class=\"wp-block-columns is-layout-flex wp-container-core-columns-is-layout-1 wp-block-columns-is-layout-flex\">\n<div class=\"wp-block-column is-layout-flow wp-block-column-is-layout-flow\" style=\"flex-basis:33.33%\">\n<figure class=\"wp-block-image size-large\"><img loading=\"lazy\" decoding=\"async\" width=\"1024\" height=\"576\" src=\"https:\/\/www.iesa.edu.pa\/cslr\/wp-content\/uploads\/2022\/02\/art1-1024x576.jpg\" alt=\"\" class=\"wp-image-4592\" srcset=\"https:\/\/www.iesa.edu.pa\/cslr\/wp-content\/uploads\/2022\/02\/art1-1024x576.jpg 1024w, https:\/\/www.iesa.edu.pa\/cslr\/wp-content\/uploads\/2022\/02\/art1-300x169.jpg 300w, https:\/\/www.iesa.edu.pa\/cslr\/wp-content\/uploads\/2022\/02\/art1-768x432.jpg 768w, https:\/\/www.iesa.edu.pa\/cslr\/wp-content\/uploads\/2022\/02\/art1-1536x864.jpg 1536w, https:\/\/www.iesa.edu.pa\/cslr\/wp-content\/uploads\/2022\/02\/art1-206x116.jpg 206w, https:\/\/www.iesa.edu.pa\/cslr\/wp-content\/uploads\/2022\/02\/art1.jpg 1779w\" sizes=\"(max-width: 1024px) 100vw, 1024px\" \/><\/figure>\n<\/div>\n\n\n\n<div class=\"wp-block-column is-layout-flow wp-block-column-is-layout-flow\" style=\"flex-basis:66.66%\">\n<div style=\"height:41px\" aria-hidden=\"true\" class=\"wp-block-spacer\"><\/div>\n\n\n\n<p><strong>El IESA organiz\u00f3 un foro sobre un movimiento social que intenta trascender el concepto tradicional de responsabilidad social, para que los negocios respondan integralmente a retos como la pobreza y el cambio clim\u00e1tico.<\/strong><\/p>\n<\/div>\n<\/div>\n\n\n\n<hr class=\"wp-block-separator\"\/>\n\n\n\n<p><strong>14&nbsp;de&nbsp;febrero&nbsp;de&nbsp;2022<\/strong><\/p>\n\n\n\n<p><p style=\"text-align: justify\">La b\u00fasqueda de un nuevo modelo econ\u00f3mico que cree valor social y valor ambiental tiene muchas posibilidades. Pero una de las m\u00e1s concretas es&nbsp;<strong>el Sistema B: un movimiento de alcance global que surgi\u00f3 en 2012, y que propone un proceso de certificaci\u00f3n de las organizaciones que logren un triple impacto positivo en sus mercados y entornos<\/strong>: desarrollo social, sostenibilidad ambiental y rentabilidad econ\u00f3mica. En Am\u00e9rica Latina existen m\u00e1s de 650 compa\u00f1\u00edas certificadas como empresas B, cuya facturaci\u00f3n consolidada supera los 5.000 millones de d\u00f3lares, con un sistema de gobierno innovador e integrado que trasciende la l\u00f3gica de la responsabilidad social empresarial (RSE).<\/p><\/p>\n\n\n\n<p><p style=\"text-align: justify\">Bajo la moderaci\u00f3n del profesor Jos\u00e9 Ram\u00f3n Padilla, coordinador del Centro de Sostenibilidad y Liderazgo Responsable del IESA, se llev\u00f3 a cabo un foro sobre la Comunidad B en Venezuela y la creaci\u00f3n de ecosistemas de triple impacto. Participaron F\u00e9lix R\u00edos, profesor y emprendedor Fundador de Opci\u00f3n Venezuela AC y miembro del Equipo de Coordinaci\u00f3n Local Comunidad B Venezuela; Mari\u00e1ngel Molina, cofundadora de Leather Heart, la primera compa\u00f1\u00eda certificada como Empresa B en Venezuela; Mar\u00eda Isabel Fuchs, cofundadora de T\u00e1ctica, una empresa de comunicaciones digitales, miembro y l\u00edder del C\u00edrculo de Comunicaci\u00f3n CB Venezuela; y Kenia Mart\u00ednez, emprendedora del estado Amazonas, creadora de la marca de chocolates y bombones artesanales Id\u00fawali.<\/p><\/p>\n\n\n\n<p>Seg\u00fan F\u00e9lix R\u00edos:<\/p>\n\n\n\n<p><p style=\"text-align: justify\">El Movimiento B impulsa una nueva econom\u00eda que conecte el modelo de negocio de las empresas con la sostenibilidad. Este no es un fin aislado de una u otra empresa, o grupo de personas, sino que es un movimiento social amplio donde est\u00e1n empresas, actores del mundo del mercado y de lo p\u00fablico, academia, l\u00edderes sociales que apuestan por un modelo de sociedad donde lo social y lo ambiental tengan un rol definitorio en los modelos econ\u00f3micos.<\/p><\/p>\n\n\n\n<p><p style=\"text-align: justify\">R\u00edos aclara que&nbsp;<strong>el objetivo de las comunidades B no es la certificaci\u00f3n en s\u00ed misma, sino encontrar un modelo que integre lo social y lo ambiental con lo econ\u00f3mico<\/strong>, de una manera arm\u00f3nica e indivisible, con un m\u00e9todo de evaluaci\u00f3n que revisa a fondo no solo sistemas productivos, sino tambi\u00e9n impactos sociales, ambientales, gobierno corporativo, diversidad, redes de proveedores y estrategia de inversiones, entre otros elementos.<\/p><\/p>\n\n\n\n<p>Mari\u00e1ngel Molina cuenta que su empresa fabrica peluches:<\/p>\n\n\n\n<p><p style=\"text-align: justify\">\u2026 y los materiales para su elaboraci\u00f3n provienen de las mermas de f\u00e1bricas de dise\u00f1o venezolanas. Trabajamos con tres organizaciones en el pa\u00eds que promueven alimentaci\u00f3n, educaci\u00f3n y reforestaci\u00f3n, y eso habla del triple impacto que busca este movimiento. Es importante establecer que las nuevas generaciones se conectan mejor con empresas con prop\u00f3sito social y sostenibilidad ambiental.<\/p><\/p>\n\n\n\n<p><p style=\"text-align: justify\">Mar\u00eda Isabel Fuchs, de T\u00e1ctica, profundiz\u00f3 en el modelo de evaluaci\u00f3n al se\u00f1alar que las empresas pueden encontrar caminos espec\u00edficos hacia la creaci\u00f3n de triple impacto si se revisan internamente con sincera vocaci\u00f3n de cambio.<\/p><\/p>\n\n\n\n<p><p style=\"text-align: justify\">El proceso de evaluaci\u00f3n permite mejorar los procesos internos, y se van consiguiendo las respuestas para optimizar los indicadores. Nos dimos cuenta de que \u00e9ramos una empresa diversa socialmente, que facilitamos un trabajo adecuado. Creamos manuales de procesos internos, con procesos adaptados al personal. Fue algo totalmente transversal en las operaciones.<\/p><\/p>\n\n\n\n<p><p style=\"text-align: justify\">Por su parte, Kenia Mart\u00ednez, a partir de una unidad de producci\u00f3n familiar, cre\u00f3 una empresa que rompe con el \u00abmodelo extractivista\u00bb que se promueve entre las comunidades ind\u00edgenas del Amazonas venezolano. El resultado fue la creaci\u00f3n de la marca Id\u00fawali, para una chocolater\u00eda artesanal con ingredientes aut\u00f3ctonos, que es el producto de un claro modelo de \u00abeconom\u00eda circular\u00bb.<\/p><\/p>\n\n\n\n<p><p style=\"text-align: justify\">Empezamos a generar m\u00e9tricas de los impactos y desarrollamos pr\u00e1cticas de comercio justo para pagar mejores precios a productores ind\u00edgenas, redes de proveedores completamente locales. Los desechos org\u00e1nicos son para nosotros subproductos que nos permiten elaborar infusiones, tintes naturales, pegas, empaques y etiquetas naturales. Dejamos de usar pl\u00e1stico y fuimos a sustitutos naturales.<\/p><\/p>\n\n\n\n<p>El representante de la Comunidad B en Venezuela, F\u00e9lix R\u00edos, concluy\u00f3:<\/p>\n\n\n\n<p><p style=\"text-align: justify\">La concepci\u00f3n del impacto puede ir m\u00e1s all\u00e1 de la RSE. No es filantrop\u00eda ni dirigir excedentes de liquidez a montar programas sociales, sino que esos impactos ambientales y sociales est\u00e9n directa e indivisiblemente integrados al negocio. Esto no es un capricho tendencial, por lo que se eval\u00faa permanentemente qu\u00e9 tan B se es, y debe haber el compromiso legal de mantener esa condici\u00f3n ante nuevos due\u00f1os o inversionistas. El triple impacto debe ser estar blindado.<\/p><\/p>\n","protected":false},"excerpt":{"rendered":"<p>El IESA organiz\u00f3 un foro sobre un movimiento social que intenta trascender el concepto tradicional de responsabilidad social, para que [&hellip;]<\/p>\n","protected":false},"author":1,"featured_media":4234,"parent":0,"menu_order":0,"comment_status":"closed","ping_status":"closed","template":"page-templates\/no-sidebar.php","meta":{"footnotes":""},"class_list":["post-4590","page","type-page","status-publish","has-post-thumbnail","hentry"],"_links":{"self":[{"href":"https:\/\/www.iesa.edu.pa\/cslr\/wp-json\/wp\/v2\/pages\/4590"}],"collection":[{"href":"https:\/\/www.iesa.edu.pa\/cslr\/wp-json\/wp\/v2\/pages"}],"about":[{"href":"https:\/\/www.iesa.edu.pa\/cslr\/wp-json\/wp\/v2\/types\/page"}],"author":[{"embeddable":true,"href":"https:\/\/www.iesa.edu.pa\/cslr\/wp-json\/wp\/v2\/users\/1"}],"replies":[{"embeddable":true,"href":"https:\/\/www.iesa.edu.pa\/cslr\/wp-json\/wp\/v2\/comments?post=4590"}],"version-history":[{"count":4,"href":"https:\/\/www.iesa.edu.pa\/cslr\/wp-json\/wp\/v2\/pages\/4590\/revisions"}],"predecessor-version":[{"id":4595,"href":"https:\/\/www.iesa.edu.pa\/cslr\/wp-json\/wp\/v2\/pages\/4590\/revisions\/4595"}],"wp:featuredmedia":[{"embeddable":true,"href":"https:\/\/www.iesa.edu.pa\/cslr\/wp-json\/wp\/v2\/media\/4234"}],"wp:attachment":[{"href":"https:\/\/www.iesa.edu.pa\/cslr\/wp-json\/wp\/v2\/media?parent=4590"}],"curies":[{"name":"wp","href":"https:\/\/api.w.org\/{rel}","templated":true}]}}